{"id":10110,"date":"2020-05-18T10:58:48","date_gmt":"2020-05-18T08:58:48","guid":{"rendered":"https:\/\/rb-abogados.eu\/lateinamerikanische-geschaeftsbeziehungen\/"},"modified":"2021-11-16T14:02:23","modified_gmt":"2021-11-16T13:02:23","slug":"derecho-latinoamericano","status":"publish","type":"page","link":"https:\/\/rb-abogados.eu\/es\/derecho-latinoamericano\/","title":{"rendered":"Derecho Latinoamericano"},"content":{"rendered":"<section class=\"l-section wpb_row us_custom_d8b66435 height_custom with_img parallax_ver\"><div class=\"l-section-img\" role=\"img\" aria-label=\"Stra\u00dfe in Lateinamerika\" data-img-width=\"1920\" data-img-height=\"1080\" style=\"background-image: url(https:\/\/rb-abogados.eu\/wp-content\/uploads\/16-9-_0006_rba-004-1.jpg);background-repeat: no-repeat;\"><\/div><div class=\"l-section-overlay\" style=\"background:rgba(0,3,46,0.55)\"><\/div><div class=\"l-section-h i-cf\"><div class=\"g-cols vc_row via_flex valign_top type_boxes stacking_default\"><div class=\"vc_col-sm-3 wpb_column vc_column_container\"><div class=\"vc_column-inner us_custom_b6a72ce1\"><div class=\"wpb_wrapper\"><\/div><\/div><\/div><div class=\"vc_col-sm-6 wpb_column vc_column_container us_animate_afb\" style=\"animation-delay:0.4s\"><div class=\"vc_column-inner us_custom_215bf59a\"><div class=\"wpb_wrapper\"><h1 class=\"w-post-elm post_title us_custom_27f484e3 has_text_color entry-title color_link_inherit\">Derecho Latinoamericano<\/h1><div class=\"w-hwrapper us_custom_84be7deb valign_top align_none\"><\/div><nav class=\"g-breadcrumbs us_custom_6420b6dd has_text_color separator_icon align_none\" itemscope itemtype=\"http:\/\/schema.org\/BreadcrumbList\"><div class=\"g-breadcrumbs-item\" itemscope itemprop=\"itemListElement\" itemtype=\"http:\/\/schema.org\/ListItem\"><a itemprop=\"item\" href=\"https:\/\/rb-abogados.eu\/es\/\"><span itemprop=\"name\">RB-Abogados Karlsruhe<\/span><\/a><meta itemprop=\"position\" content=\"1\"\/><\/div><div class=\"g-breadcrumbs-separator\"><i class=\"far fa-angle-right\"><\/i><\/div><div class=\"g-breadcrumbs-item\">P\u00e1ginas<\/div><\/nav><\/div><\/div><\/div><div class=\"vc_col-sm-3 wpb_column vc_column_container\"><div class=\"vc_column-inner us_custom_b6a72ce1\"><div class=\"wpb_wrapper\"><\/div><\/div><\/div><\/div><\/div><\/section><section class=\"l-section wpb_row us_custom_1df8cfc6 height_custom\"><div class=\"l-section-h i-cf\"><div class=\"g-cols vc_row via_flex valign_top type_boxes stacking_default\"><div class=\"vc_col-sm-8 wpb_column vc_column_container\"><div class=\"vc_column-inner us_custom_e4a2b2bd\"><div class=\"wpb_wrapper\"><div class=\"wpb_text_column us_custom_50cc7d67\"><div class=\"wpb_wrapper\"><h2>Relaciones comerciales germano-latinoamericanas<\/h2>\n<\/div><\/div><div class=\"w-hwrapper us_custom_0e289e22 valign_top align_none\"><\/div><div class=\"g-cols wpb_row via_flex valign_top type_boxes stacking_default\"><div class=\"vc_col-sm-12 wpb_column vc_column_container\"><div class=\"vc_column-inner us_custom_863654e6\"><div class=\"wpb_wrapper\"><div class=\"wpb_text_column us_custom_4de3ce74\"><div class=\"wpb_wrapper\"><p><strong>La integraci\u00f3n econ\u00f3mica mundial es un componente esencial, imparable y en continuo avance, tanto en las peque\u00f1as y medianas empresas como tambi\u00e9n en las grandes compa\u00f1\u00edas. La globalizaci\u00f3n y el mercado interior de la Uni\u00f3n Europea representan factores adicionales de aceleraci\u00f3n. Por esta raz\u00f3n es tanto m\u00e1s importante comprobar y valorar las cada vez m\u00e1s complejas circunstancias no s\u00f3lo desde el punto de vista del Derecho alem\u00e1n, sino tambi\u00e9n desde la perspectiva del Derecho Internacional y del ordenamiento jur\u00eddico de cada pa\u00eds.<\/strong><\/p>\n<p><strong>Nuestro bufete Ribas Brutschy Abogados, con sede en Bruchsal, cerca de Karlsruhe, se distingue por proporcionar un asesoramiento jur\u00eddico internacional en el punto de cruce de los ordenamientos jur\u00eddicos de los correspondientes pa\u00edses. El bufete ofrece para ello un amplio asesoramiento jur\u00eddico, que proporciona soluciones inmediatas y eficientes a nuestros clientes en los asuntos jur\u00eddicos germano-latinoamericanos. Gracias a nuestra continua especializaci\u00f3n, el conocimiento especializado de los correspondientes ordenamientos jur\u00eddicos, la creciente experiencia y nuestro compromiso profesional, estamos en disposici\u00f3n de asesorar a nuestros clientes en las cuestiones relativas a los contratos internacionales de compraventa, la importaci\u00f3n y exportaci\u00f3n, en materia aduanera y tambi\u00e9n en el marco de cuestiones jur\u00eddicas nacionales espec\u00edficas. <\/strong><\/p>\n<\/div><\/div><div class=\"wpb_text_column us_custom_50cc7d67\"><div class=\"wpb_wrapper\"><h2>\u00bfSu empresa exporta a \/ importa de Latinoam\u00e9rica?<\/h2>\n<\/div><\/div><\/div><\/div><\/div><\/div><div class=\"w-hwrapper us_custom_0c3a69a8 valign_top align_none\"><\/div><div class=\"wpb_text_column us_custom_4de3ce74\"><div class=\"wpb_wrapper\"><p>Elaboramos para usted contratos adecuados a medida para la comercializaci\u00f3n cotidiana de sus productos en el marco de las relaciones comerciales germano-latinoamericanas. Adem\u00e1s, redactamos contratos tanto para comerciantes como para socios distribuidores aut\u00f3nomos que deseen importar mercanc\u00edas de Latinoam\u00e9rica.<\/p>\n<\/div><\/div><div class=\"wpb_text_column us_custom_50cc7d67\"><div class=\"wpb_wrapper\"><h2>Nuestra oferta de servicios para usted en el \u00e1mbito del Derecho germano-latinoamericano<\/h2>\n<h2><\/h2>\n<\/div><\/div><div class=\"w-hwrapper us_custom_0e289e22 valign_top align_none\"><\/div><div class=\"wpb_text_column\"><div class=\"wpb_wrapper\"><ul class=\"arrow-list\">\n<li>Consultor\u00eda y asesoramiento en el campo del Derecho econ\u00f3mico latinoamericano<\/li>\n<li>Tramitaci\u00f3n de asuntos sucesorios germano-latinoamericanos<\/li>\n<li>Derecho contractual: redacci\u00f3n, revisi\u00f3n y ejecuci\u00f3n de diversos contratos, por ejemplo, contratos de compraventa o de agentes autorizados<\/li>\n<li>Asesoramiento jur\u00eddico especializado y evaluaci\u00f3n de los diferentes tipos y formas de competencia<\/li>\n<li>Registro de marcas<\/li>\n<\/ul>\n<\/div><\/div><div class=\"w-hwrapper us_custom_ce2c73f7 valign_top align_none\"><\/div><div class=\"wpb_text_column us_custom_cf362e21\"><div class=\"wpb_wrapper\"><p>Nuestro bufete proporciona un asesoramiento completo con enfoque internacional para empresas, particulares, nuevos emprendedores y aut\u00f3nomos en los pa\u00edses de habla hispana como Argentina, M\u00e9xico, Paraguay, Per\u00fa, Chile, Ecuador o Venezuela.<\/p>\n<p>A trav\u00e9s de la colaboraci\u00f3n con bufetes asociados contamos adem\u00e1s con socios altamente cualificados en los principales pa\u00edses de Latinoam\u00e9rica.<\/p>\n<\/div><\/div><div class=\"w-btn-wrapper align_none\"><a class=\"w-btn us-btn-style_3 us_custom_54e7f678 icon_atright\" href=\"https:\/\/www.rb-abogados.eu\/es\/areas-juridicas\/\"><span class=\"w-btn-label\">Todas las \u00e1reas de pr\u00e1ctica<\/span><i class=\"far fa-long-arrow-right\"><\/i><\/a><\/div><\/div><\/div><\/div><div class=\"vc_col-sm-4 wpb_column vc_column_container\"><div class=\"vc_column-inner us_custom_11eb7aba\"><div class=\"wpb_wrapper\"><div class=\"g-cols wpb_row us_custom_9d2f0c5c via_flex valign_top type_boxes stacking_default\"><div class=\"vc_col-sm-12 wpb_column vc_column_container\"><div class=\"vc_column-inner us_custom_2e0b6149\"><div class=\"wpb_wrapper\"><div class=\"wpb_text_column us_custom_2dbf7b3f\"><div class=\"wpb_wrapper\"><h3 style=\"text-align: center;\"><strong>\u00ab\u00bfTiene alguna pregunta? \u00a1Nosotros le daremos la respuesta!\u00bb<\/strong><\/h3>\n<\/div><\/div><div class=\"w-image us_custom_0c724352 has_height align_center\" id=\"Miguel_Ribas\"><div class=\"w-image-h\"><img decoding=\"async\" width=\"600\" height=\"600\" src=\"https:\/\/rb-abogados.eu\/wp-content\/uploads\/1-1-rba-m-_0000_06-600x600.jpg\" class=\"attachment-us_600_600_crop size-us_600_600_crop\" alt=\"Anwalt - August\u00edn Fernandes Echegaray\" loading=\"lazy\" srcset=\"https:\/\/rb-abogados.eu\/wp-content\/uploads\/1-1-rba-m-_0000_06.jpg 600w, https:\/\/rb-abogados.eu\/wp-content\/uploads\/1-1-rba-m-_0000_06-300x300.jpg 300w, https:\/\/rb-abogados.eu\/wp-content\/uploads\/1-1-rba-m-_0000_06-150x150.jpg 150w, https:\/\/rb-abogados.eu\/wp-content\/uploads\/1-1-rba-m-_0000_06-100x100.jpg 100w, https:\/\/rb-abogados.eu\/wp-content\/uploads\/1-1-rba-m-_0000_06-200x200.jpg 200w, https:\/\/rb-abogados.eu\/wp-content\/uploads\/1-1-rba-m-_0000_06-400x400.jpg 400w\" sizes=\"auto, (max-width: 600px) 100vw, 600px\" \/><\/div><\/div><div class=\"wpb_text_column us_custom_89712ffd\"><div class=\"wpb_wrapper\"><h3 style=\"text-align: center;\">Agust\u00edn Fern\u00e1ndez\u00a0Echegaray<span id=\"Miguel_Ribas\"><\/span><\/h3>\n<\/div><\/div><div class=\"wpb_text_column us_custom_90fa47c6\"><div class=\"wpb_wrapper\"><p style=\"text-align: center;\"><strong>Abogado argentino<\/strong><\/p>\n<\/div><\/div><div class=\"wpb_text_column us_custom_cdb5fec4 has_text_color\"><div class=\"wpb_wrapper\"><p style=\"text-align: center;\"><em>Agust\u00edn Fern\u00e1ndez dirige el \u00e1rea de negocio de Latinoam\u00e9rica. Su actividad se centra en el seguimiento y asesoramiento jur\u00eddico de particulares y empresas alemanas en Latinoam\u00e9rica, as\u00ed como de empresas latinoamericanas en Alemania.<\/em><\/p>\n<\/div><\/div><div class=\"w-hwrapper us_custom_937270d0 valign_top align_none\"><\/div><\/div><\/div><\/div><\/div><div class=\"g-cols wpb_row us_custom_af6a9b6a via_flex valign_top type_default stacking_default\"><div class=\"vc_col-sm-12 wpb_column vc_column_container\"><div class=\"vc_column-inner\"><div class=\"wpb_wrapper\"><div class=\"g-cols wpb_row us_custom_6d21401c via_flex valign_middle type_boxes stacking_default\"><div class=\"vc_col-sm-12 wpb_column vc_column_container us_animate_afb\" style=\"animation-delay:0.4s\"><div class=\"vc_column-inner us_custom_0d478c3f\"><div class=\"wpb_wrapper\">[vc_raw_html css=\u00bb%7B%22default%22%3A%7B%22color%22%3A%22%23000443%22%2C%22text-align%22%3A%22center%22%2C%22font-size%22%3A%2240px%22%2C%22line-height%22%3A%2280px%22%2C%22background-color%22%3A%22%23ffffff%22%2C%22width%22%3A%2280px%22%2C%22height%22%3A%2280px%22%2C%22margin-top%22%3A%22-40px%22%2C%22padding-bottom%22%3A%220%22%2C%22box-shadow-h-offset%22%3A%220%22%2C%22box-shadow-v-offset%22%3A%2210px%22%2C%22box-shadow-blur%22%3A%2215px%22%2C%22box-shadow-color%22%3A%22rgba%280%2C4%2C67%2C0.15%29%22%7D%7D\u00bb]JTNDaSUyMGNsYXNzJTNEJTIyZmFsJTIwZmEtcGhvbmUlMjIlM0UlM0MlMkZpJTNF[\/vc_raw_html]<div class=\"wpb_text_column us_custom_fe7f911b has_text_color\"><div class=\"wpb_wrapper\"><p><strong>\u00bfTiene usted una consulta especial o busca asesoramiento jur\u00eddico en un caso concreto?<\/strong><\/p>\n<\/div><\/div><div class=\"w-btn-wrapper align_none\"><a class=\"w-btn us-btn-style_5 icon_atright\" href=\"https:\/\/www.rb-abogados.eu\/es\/contacto\/\"><span class=\"w-btn-label\">Contacte con nosotros<\/span><i class=\"far fa-long-arrow-right\"><\/i><\/a><\/div><\/div><\/div><\/div><\/div>\n<\/div><\/div><\/div><\/div><\/div><\/div><\/div><\/div><\/div><\/section>\n","protected":false},"excerpt":{"rendered":"Derecho LatinoamericanoRB-Abogados KarlsruheP\u00e1ginasRelaciones comerciales germano-latinoamericanas La integraci\u00f3n econ\u00f3mica mundial es un componente esencial, imparable y en continuo avance, tanto en las peque\u00f1as y medianas empresas como tambi\u00e9n en las grandes compa\u00f1\u00edas. La globalizaci\u00f3n y el mercado interior de la Uni\u00f3n Europea representan factores adicionales de aceleraci\u00f3n. Por esta raz\u00f3n es tanto m\u00e1s importante comprobar y...","protected":false},"author":2,"featured_media":9253,"parent":0,"menu_order":0,"comment_status":"closed","ping_status":"closed","template":"","meta":{"footnotes":""},"class_list":["post-10110","page","type-page","status-publish","has-post-thumbnail","hentry"],"_links":{"self":[{"href":"https:\/\/rb-abogados.eu\/es\/wp-json\/wp\/v2\/pages\/10110","targetHints":{"allow":["GET"]}}],"collection":[{"href":"https:\/\/rb-abogados.eu\/es\/wp-json\/wp\/v2\/pages"}],"about":[{"href":"https:\/\/rb-abogados.eu\/es\/wp-json\/wp\/v2\/types\/page"}],"author":[{"embeddable":true,"href":"https:\/\/rb-abogados.eu\/es\/wp-json\/wp\/v2\/users\/2"}],"replies":[{"embeddable":true,"href":"https:\/\/rb-abogados.eu\/es\/wp-json\/wp\/v2\/comments?post=10110"}],"version-history":[{"count":5,"href":"https:\/\/rb-abogados.eu\/es\/wp-json\/wp\/v2\/pages\/10110\/revisions"}],"predecessor-version":[{"id":10194,"href":"https:\/\/rb-abogados.eu\/es\/wp-json\/wp\/v2\/pages\/10110\/revisions\/10194"}],"wp:featuredmedia":[{"embeddable":true,"href":"https:\/\/rb-abogados.eu\/es\/wp-json\/wp\/v2\/media\/9253"}],"wp:attachment":[{"href":"https:\/\/rb-abogados.eu\/es\/wp-json\/wp\/v2\/media?parent=10110"}],"curies":[{"name":"wp","href":"https:\/\/api.w.org\/{rel}","templated":true}]}}

<section class="l-section wpb_row us_custom_d8b66435 height_custom with_img parallax_ver"><div class="l-section-img" role="img" aria-label="Straße in Lateinamerika" data-img-width="1920" data-img-height="1080" style="background-image: url(https://rb-abogados.eu/wp-content/uploads/16-9-_0006_rba-004-1.jpg);background-repeat: no-repeat;"></div><div class="l-section-overlay" style="background:rgba(0,3,46,0.55)"></div><div class="l-section-h i-cf"><div class="g-cols vc_row via_flex valign_top type_boxes stacking_default"><div class="vc_col-sm-3 wpb_column vc_column_container"><div class="vc_column-inner us_custom_b6a72ce1"><div class="wpb_wrapper"></div></div></div><div class="vc_col-sm-6 wpb_column vc_column_container us_animate_afb" style="animation-delay:0.4s"><div class="vc_column-inner us_custom_215bf59a"><div class="wpb_wrapper"><h1 class="w-post-elm post_title us_custom_27f484e3 has_text_color entry-title color_link_inherit">Derecho Latinoamericano</h1><div class="w-hwrapper us_custom_84be7deb valign_top align_none"></div><nav class="g-breadcrumbs us_custom_6420b6dd has_text_color separator_icon align_none" itemscope itemtype="http://schema.org/BreadcrumbList"><div class="g-breadcrumbs-item" itemscope itemprop="itemListElement" itemtype="http://schema.org/ListItem"><a itemprop="item" href="https://rb-abogados.eu/es/"><span itemprop="name">RB-Abogados Karlsruhe</span></a><meta itemprop="position" content="1"/></div><div class="g-breadcrumbs-separator"><i class="far fa-angle-right"></i></div><div class="g-breadcrumbs-item">Páginas</div></nav></div></div></div><div class="vc_col-sm-3 wpb_column vc_column_container"><div class="vc_column-inner us_custom_b6a72ce1"><div class="wpb_wrapper"></div></div></div></div></div></section><section class="l-section wpb_row us_custom_1df8cfc6 height_custom"><div class="l-section-h i-cf"><div class="g-cols vc_row via_flex valign_top type_boxes stacking_default"><div class="vc_col-sm-8 wpb_column vc_column_container"><div class="vc_column-inner us_custom_e4a2b2bd"><div class="wpb_wrapper"><div class="wpb_text_column us_custom_50cc7d67"><div class="wpb_wrapper"><h2>Relaciones comerciales germano-latinoamericanas</h2>
</div></div><div class="w-hwrapper us_custom_0e289e22 valign_top align_none"></div><div class="g-cols wpb_row via_flex valign_top type_boxes stacking_default"><div class="vc_col-sm-12 wpb_column vc_column_container"><div class="vc_column-inner us_custom_863654e6"><div class="wpb_wrapper"><div class="wpb_text_column us_custom_4de3ce74"><div class="wpb_wrapper"><p><strong>La integración económica mundial es un componente esencial, imparable y en continuo avance, tanto en las pequeñas y medianas empresas como también en las grandes compañías. La globalización y el mercado interior de la Unión Europea representan factores adicionales de aceleración. Por esta razón es tanto más importante comprobar y valorar las cada vez más complejas circunstancias no sólo desde el punto de vista del Derecho alemán, sino también desde la perspectiva del Derecho Internacional y del ordenamiento jurídico de cada país.</strong></p>
<p><strong>Nuestro bufete Ribas Brutschy Abogados, con sede en Bruchsal, cerca de Karlsruhe, se distingue por proporcionar un asesoramiento jurídico internacional en el punto de cruce de los ordenamientos jurídicos de los correspondientes países. El bufete ofrece para ello un amplio asesoramiento jurídico, que proporciona soluciones inmediatas y eficientes a nuestros clientes en los asuntos jurídicos germano-latinoamericanos. Gracias a nuestra continua especialización, el conocimiento especializado de los correspondientes ordenamientos jurídicos, la creciente experiencia y nuestro compromiso profesional, estamos en disposición de asesorar a nuestros clientes en las cuestiones relativas a los contratos internacionales de compraventa, la importación y exportación, en materia aduanera y también en el marco de cuestiones jurídicas nacionales específicas. </strong></p>
</div></div><div class="wpb_text_column us_custom_50cc7d67"><div class="wpb_wrapper"><h2>¿Su empresa exporta a / importa de Latinoamérica?</h2>
</div></div></div></div></div></div><div class="w-hwrapper us_custom_0c3a69a8 valign_top align_none"></div><div class="wpb_text_column us_custom_4de3ce74"><div class="wpb_wrapper"><p>Elaboramos para usted contratos adecuados a medida para la comercialización cotidiana de sus productos en el marco de las relaciones comerciales germano-latinoamericanas. Además, redactamos contratos tanto para comerciantes como para socios distribuidores autónomos que deseen importar mercancías de Latinoamérica.</p>
</div></div><div class="wpb_text_column us_custom_50cc7d67"><div class="wpb_wrapper"><h2>Nuestra oferta de servicios para usted en el ámbito del Derecho germano-latinoamericano</h2>
<h2></h2>
</div></div><div class="w-hwrapper us_custom_0e289e22 valign_top align_none"></div><div class="wpb_text_column"><div class="wpb_wrapper"><ul class="arrow-list">
<li>Consultoría y asesoramiento en el campo del Derecho económico latinoamericano</li>
<li>Tramitación de asuntos sucesorios germano-latinoamericanos</li>
<li>Derecho contractual: redacción, revisión y ejecución de diversos contratos, por ejemplo, contratos de compraventa o de agentes autorizados</li>
<li>Asesoramiento jurídico especializado y evaluación de los diferentes tipos y formas de competencia</li>
<li>Registro de marcas</li>
</ul>
</div></div><div class="w-hwrapper us_custom_ce2c73f7 valign_top align_none"></div><div class="wpb_text_column us_custom_cf362e21"><div class="wpb_wrapper"><p>Nuestro bufete proporciona un asesoramiento completo con enfoque internacional para empresas, particulares, nuevos emprendedores y autónomos en los países de habla hispana como Argentina, México, Paraguay, Perú, Chile, Ecuador o Venezuela.</p>
<p>A través de la colaboración con bufetes asociados contamos además con socios altamente cualificados en los principales países de Latinoamérica.</p>
</div></div><div class="w-btn-wrapper align_none"><a class="w-btn us-btn-style_3 us_custom_54e7f678 icon_atright" href="https://www.rb-abogados.eu/es/areas-juridicas/"><span class="w-btn-label">Todas las áreas de práctica</span><i class="far fa-long-arrow-right"></i></a></div></div></div></div><div class="vc_col-sm-4 wpb_column vc_column_container"><div class="vc_column-inner us_custom_11eb7aba"><div class="wpb_wrapper"><div class="g-cols wpb_row us_custom_9d2f0c5c via_flex valign_top type_boxes stacking_default"><div class="vc_col-sm-12 wpb_column vc_column_container"><div class="vc_column-inner us_custom_2e0b6149"><div class="wpb_wrapper"><div class="wpb_text_column us_custom_2dbf7b3f"><div class="wpb_wrapper"><h3 style="text-align: center;"><strong>«¿Tiene alguna pregunta? ¡Nosotros le daremos la respuesta!»</strong></h3>
</div></div><div class="w-image us_custom_0c724352 has_height align_center" id="Miguel_Ribas"><div class="w-image-h"><img decoding="async" width="600" height="600" src="https://rb-abogados.eu/wp-content/uploads/1-1-rba-m-_0000_06-600x600.jpg" class="attachment-us_600_600_crop size-us_600_600_crop" alt="Anwalt - Augustín Fernandes Echegaray" loading="lazy" srcset="https://rb-abogados.eu/wp-content/uploads/1-1-rba-m-_0000_06.jpg 600w, https://rb-abogados.eu/wp-content/uploads/1-1-rba-m-_0000_06-300x300.jpg 300w, https://rb-abogados.eu/wp-content/uploads/1-1-rba-m-_0000_06-150x150.jpg 150w, https://rb-abogados.eu/wp-content/uploads/1-1-rba-m-_0000_06-100x100.jpg 100w, https://rb-abogados.eu/wp-content/uploads/1-1-rba-m-_0000_06-200x200.jpg 200w, https://rb-abogados.eu/wp-content/uploads/1-1-rba-m-_0000_06-400x400.jpg 400w" sizes="auto, (max-width: 600px) 100vw, 600px" /></div></div><div class="wpb_text_column us_custom_89712ffd"><div class="wpb_wrapper"><h3 style="text-align: center;">Agustín Fernández Echegaray<span id="Miguel_Ribas"></span></h3>
</div></div><div class="wpb_text_column us_custom_90fa47c6"><div class="wpb_wrapper"><p style="text-align: center;"><strong>Abogado argentino</strong></p>
</div></div><div class="wpb_text_column us_custom_cdb5fec4 has_text_color"><div class="wpb_wrapper"><p style="text-align: center;"><em>Agustín Fernández dirige el área de negocio de Latinoamérica. Su actividad se centra en el seguimiento y asesoramiento jurídico de particulares y empresas alemanas en Latinoamérica, así como de empresas latinoamericanas en Alemania.</em></p>
</div></div><div class="w-hwrapper us_custom_937270d0 valign_top align_none"></div></div></div></div></div><div class="g-cols wpb_row us_custom_af6a9b6a via_flex valign_top type_default stacking_default"><div class="vc_col-sm-12 wpb_column vc_column_container"><div class="vc_column-inner"><div class="wpb_wrapper"><div class="g-cols wpb_row us_custom_6d21401c via_flex valign_middle type_boxes stacking_default"><div class="vc_col-sm-12 wpb_column vc_column_container us_animate_afb" style="animation-delay:0.4s"><div class="vc_column-inner us_custom_0d478c3f"><div class="wpb_wrapper">[vc_raw_html css=»%7B%22default%22%3A%7B%22color%22%3A%22%23000443%22%2C%22text-align%22%3A%22center%22%2C%22font-size%22%3A%2240px%22%2C%22line-height%22%3A%2280px%22%2C%22background-color%22%3A%22%23ffffff%22%2C%22width%22%3A%2280px%22%2C%22height%22%3A%2280px%22%2C%22margin-top%22%3A%22-40px%22%2C%22padding-bottom%22%3A%220%22%2C%22box-shadow-h-offset%22%3A%220%22%2C%22box-shadow-v-offset%22%3A%2210px%22%2C%22box-shadow-blur%22%3A%2215px%22%2C%22box-shadow-color%22%3A%22rgba%280%2C4%2C67%2C0.15%29%22%7D%7D»]JTNDaSUyMGNsYXNzJTNEJTIyZmFsJTIwZmEtcGhvbmUlMjIlM0UlM0MlMkZpJTNF[/vc_raw_html]<div class="wpb_text_column us_custom_fe7f911b has_text_color"><div class="wpb_wrapper"><p><strong>¿Tiene usted una consulta especial o busca asesoramiento jurídico en un caso concreto?</strong></p>
</div></div><div class="w-btn-wrapper align_none"><a class="w-btn us-btn-style_5 icon_atright" href="https://www.rb-abogados.eu/es/contacto/"><span class="w-btn-label">Contacte con nosotros</span><i class="far fa-long-arrow-right"></i></a></div></div></div></div></div>
</div></div></div></div></div></div></div></div></div></section>

Derecho LatinoamericanoRB-Abogados KarlsruhePáginasRelaciones comerciales germano-latinoamericanas La integración económica mundial es un componente esencial, imparable y en continuo avance, tanto en las pequeñas y medianas empresas como también en las grandes compañías. La globalización y el mercado interior de la Unión Europea representan factores adicionales de aceleración. Por esta razón es tanto más importante comprobar y...
