{"id":8798,"date":"2020-04-23T11:29:10","date_gmt":"2020-04-23T09:29:10","guid":{"rendered":"https:\/\/rb-abogados.eu\/kanzlei\/"},"modified":"2025-10-22T11:23:02","modified_gmt":"2025-10-22T09:23:02","slug":"el-bufete","status":"publish","type":"page","link":"https:\/\/rb-abogados.eu\/es\/el-bufete\/","title":{"rendered":"El bufete"},"content":{"rendered":"<section class=\"l-section wpb_row us_custom_74c28c06 height_custom with_img parallax_fixed\"><div class=\"l-section-img\" role=\"img\" aria-label=\"Arbeitsplatz Kanzlei\" data-img-width=\"1920\" data-img-height=\"800\" style=\"background-image: url(https:\/\/rb-abogados.eu\/wp-content\/uploads\/landscape-_0028_rba-026.jpg);background-repeat: no-repeat;\"><\/div><div class=\"l-section-overlay\" style=\"background:rgba(0,3,46,0.55)\"><\/div><div class=\"l-section-h i-cf\"><div class=\"g-cols vc_row via_flex valign_top type_boxes stacking_default\"><div class=\"vc_col-sm-3 wpb_column vc_column_container\"><div class=\"vc_column-inner us_custom_b6a72ce1\"><div class=\"wpb_wrapper\"><\/div><\/div><\/div><div class=\"vc_col-sm-6 wpb_column vc_column_container\"><div class=\"vc_column-inner us_custom_c46d089f\"><div class=\"wpb_wrapper\"><h1 class=\"w-post-elm post_title us_custom_27f484e3 has_text_color entry-title color_link_inherit\">El bufete<\/h1><div class=\"w-hwrapper us_custom_84be7deb valign_top align_none\"><\/div><nav class=\"g-breadcrumbs us_custom_c46e0ed5 has_text_color separator_icon align_none\" itemscope itemtype=\"http:\/\/schema.org\/BreadcrumbList\"><div class=\"g-breadcrumbs-item\" itemscope itemprop=\"itemListElement\" itemtype=\"http:\/\/schema.org\/ListItem\"><a itemprop=\"item\" href=\"https:\/\/rb-abogados.eu\/es\/\"><span itemprop=\"name\">RB-Abogados Karlsruhe<\/span><\/a><meta itemprop=\"position\" content=\"1\"\/><\/div><div class=\"g-breadcrumbs-separator\"><i class=\"far fa-angle-right\"><\/i><\/div><div class=\"g-breadcrumbs-item\">P\u00e1ginas<\/div><\/nav><\/div><\/div><\/div><div class=\"vc_col-sm-3 wpb_column vc_column_container\"><div class=\"vc_column-inner us_custom_b6a72ce1\"><div class=\"wpb_wrapper\"><\/div><\/div><\/div><\/div><\/div><\/section><section class=\"l-section wpb_row us_custom_ff584dd0 height_custom\"><div class=\"l-section-h i-cf\"><div class=\"g-cols vc_row via_flex valign_bottom type_boxes stacking_default\"><div class=\"vc_col-sm-6 wpb_column vc_column_container has_bg_color\"><div class=\"vc_column-inner us_custom_1ea4ce76\"><div class=\"wpb_wrapper\"><div class=\"w-image us_custom_769facbc has_height align_left has_bg_color\"><div class=\"w-image-h\"><img decoding=\"async\" width=\"100\" height=\"100\" src=\"https:\/\/rb-abogados.eu\/wp-content\/uploads\/maplogo-bildmarke-white.svg\" class=\"attachment-us_100_100_crop size-us_100_100_crop\" alt=\"Lofo Ribas Brutschy Abogados\" loading=\"lazy\" \/><\/div><\/div><\/div><\/div><\/div><div class=\"vc_col-sm-6 wpb_column vc_column_container\"><div class=\"vc_column-inner us_custom_56164d15\"><div class=\"wpb_wrapper\"><div class=\"g-cols wpb_row via_flex valign_top type_boxes stacking_default\"><div class=\"vc_col-sm-12 wpb_column vc_column_container\"><div class=\"vc_column-inner us_custom_863654e6\"><div class=\"wpb_wrapper\"><div class=\"wpb_text_column us_custom_50cc7d67\"><div class=\"wpb_wrapper\"><h2>El despacho<\/h2>\n<\/div><\/div><div class=\"w-hwrapper us_custom_0e289e22 valign_top align_none\"><\/div><div class=\"wpb_text_column\"><div class=\"wpb_wrapper\"><p>Ribas Brutschy Abogados es un bufete especializado en asuntos jur\u00eddicos hispano-alemanes, europeos e internacionales, con sedes en Alemania (Baden-Wurtemberg) y Espa\u00f1a (Islas Baleares). Nuestro equipo de Abogados y\u00a0<em>Rechtsanw\u00e4lte<\/em>\u00a0hispano-alemanes est\u00e1 altamente cualificado y especializado en el \u00e1mbito del Derecho espa\u00f1ol, el Derecho alem\u00e1n y los asuntos jur\u00eddicos hispano-alemanes, as\u00ed como en las cuestiones relativas al Derecho europeo.<\/p>\n<p>Entre nuestros clientes figuran tanto personas f\u00edsicas como clientes mercantiles, emprendedores, sociedades o instituciones de derecho p\u00fablico.<\/p>\n<p>Nuestra filosof\u00eda de trabajo siempre se ha basado en un mismo objetivo: ofrecer\u00a0un servicio personalizado, integral\u00a0y de calidad.<\/p>\n<p>Gracias a alianzas estrat\u00e9gicas tambi\u00e9n ofrecemos servicios en el \u00e1rea fiscal, contable y laboral, por lo que podemos proporcionar un asesoramiento integral en las principales \u00e1reas del Derecho.<\/p>\n<\/div><\/div><\/div><\/div><\/div><\/div><\/div><\/div><\/div><div class=\"vc_col-sm-12 wpb_column vc_column_container\"><div class=\"vc_column-inner us_custom_ebd535fd\"><div class=\"wpb_wrapper\"><div class=\"g-cols wpb_row us_custom_9b8477a5 via_flex valign_top type_boxes stacking_default\"><div class=\"vc_col-sm-1\/5 wpb_column vc_column_container\"><div class=\"vc_column-inner us_custom_b6a72ce1\"><div class=\"wpb_wrapper\"><\/div><\/div><\/div><div class=\"vc_col-sm-1\/5 wpb_column vc_column_container has_bg_color\"><div class=\"vc_column-inner us_custom_1f2a56e4\"><div class=\"wpb_wrapper\"><div class=\"w-btn-wrapper align_center\"><a class=\"w-btn us-btn-style_3 icon_atright\" href=\"https:\/\/www.rb-abogados.eu\/es\/el-bufete\/filosofia\/\"><span class=\"w-btn-label\">Nuestra filosof\u00eda<\/span><i class=\"far fa-chevron-right\"><\/i><\/a><\/div><\/div><\/div><\/div><div class=\"vc_col-sm-1\/5 wpb_column vc_column_container has_bg_color\"><div class=\"vc_column-inner us_custom_1f2a56e4\"><div class=\"wpb_wrapper\"><div class=\"w-btn-wrapper align_center\"><a class=\"w-btn us-btn-style_3 icon_atright\" href=\"https:\/\/www.rb-abogados.eu\/es\/el-bufete\/abogados\/\"><span class=\"w-btn-label\">Somos sus abogados<\/span><i class=\"far fa-chevron-right\"><\/i><\/a><\/div><\/div><\/div><\/div><div class=\"vc_col-sm-1\/5 wpb_column vc_column_container has_bg_color\"><div class=\"vc_column-inner us_custom_1f2a56e4\"><div class=\"wpb_wrapper\"><div class=\"w-btn-wrapper align_center\"><a class=\"w-btn us-btn-style_3 icon_atright\" href=\"https:\/\/www.rb-abogados.eu\/es\/el-bufete\/honorarios\/\"><span class=\"w-btn-label\">Honorarios<\/span><i class=\"far fa-chevron-right\"><\/i><\/a><\/div><\/div><\/div><\/div><div class=\"vc_col-sm-1\/5 wpb_column vc_column_container has_bg_color\"><div class=\"vc_column-inner us_custom_1f2a56e4\"><div class=\"wpb_wrapper\"><div class=\"w-btn-wrapper align_center\"><a class=\"w-btn us-btn-style_3 icon_atright\" href=\"https:\/\/www.rb-abogados.eu\/es\/el-bufete\/idiomas-de-trabajo\/\"><span class=\"w-btn-label\">Idiomas de trabajo<\/span><i class=\"far fa-chevron-right\"><\/i><\/a><\/div><\/div><\/div><\/div><\/div><\/div><\/div><\/div><\/div><\/div><\/section><section class=\"l-section wpb_row us_custom_46e4a8ae height_custom\"><div class=\"l-section-h i-cf\"><div class=\"g-cols vc_row via_flex valign_top type_default stacking_default\"><div class=\"vc_col-sm-6 wpb_column vc_column_container\"><div class=\"vc_column-inner us_custom_3c63b4d8\"><div class=\"wpb_wrapper\"><div class=\"g-cols wpb_row via_flex valign_top type_boxes stacking_default\"><div class=\"vc_col-sm-12 wpb_column vc_column_container\"><div class=\"vc_column-inner us_custom_ea95d736\"><div class=\"wpb_wrapper\"><div class=\"wpb_text_column us_custom_2dbf7b3f\"><div class=\"wpb_wrapper\"><h2>MODO DE TRABAJO<\/h2>\n<\/div><\/div><div class=\"w-hwrapper us_custom_0c3a69a8 valign_top align_none\"><\/div><div class=\"wpb_text_column\"><div class=\"wpb_wrapper\"><p>Le ofrecemos un modo de trabajo orientado a la consecuci\u00f3n de los objetivos, estructurado y sobre todo eficiente. Comprender su caso concreto, as\u00ed como los objetivos y expectativas relacionados con \u00e9l, es para nosotros una tarea prioritaria, pues una vez que hayamos obtenido claridad y certeza sobre su prop\u00f3sito podremos proporcionarle un asesoramiento individual y adaptado a sus necesidades.<\/p>\n<p>Durante todo el tiempo que dure el mandato le asesoraremos en castellano.<\/p>\n<p>Nuestro despacho espa\u00f1ol se ocupar\u00e1 de resolver directamente todos los asuntos jur\u00eddicos relacionados con Alemania. De este modo podemos ofrecer a nuestros clientes la garant\u00eda de un servicio personalizado, integral y de calidad.<\/p>\n<p>El objetivo prioritario de nuestro despacho es evitar los litigios ante los tribunales y resolver los conflictos ya existentes mediante acuerdos extrajudiciales. Nuestros esfuerzos se centran siempre en conseguir primeramente un acuerdo o un arbitraje.<\/p>\n<p>Gracias a la estrategia de la mediaci\u00f3n por parte de nuestros abogados hemos obtenido ya numerosos \u00e9xitos en la resoluci\u00f3n extrajudicial de litigios.<\/p>\n<\/div><\/div><\/div><\/div><\/div><\/div><\/div><\/div><\/div><div class=\"vc_col-sm-6 wpb_column vc_column_container has_bg_color stretched\"><div class=\"vc_column-inner us_custom_ab1e3c64\"><div class=\"wpb_wrapper\"><\/div><\/div><\/div><\/div><\/div><\/section>\n","protected":false},"excerpt":{"rendered":"El bufeteRB-Abogados KarlsruheP\u00e1ginasEl despacho Ribas Brutschy Abogados es un bufete especializado en asuntos jur\u00eddicos hispano-alemanes, europeos e internacionales, con sedes en Alemania (Baden-Wurtemberg) y Espa\u00f1a (Islas Baleares). Nuestro equipo de Abogados y\u00a0Rechtsanw\u00e4lte\u00a0hispano-alemanes est\u00e1 altamente cualificado y especializado en el \u00e1mbito del Derecho espa\u00f1ol, el Derecho alem\u00e1n y los asuntos jur\u00eddicos hispano-alemanes, as\u00ed como en las...","protected":false},"author":2,"featured_media":9128,"parent":0,"menu_order":0,"comment_status":"closed","ping_status":"closed","template":"","meta":{"footnotes":""},"class_list":["post-8798","page","type-page","status-publish","has-post-thumbnail","hentry"],"_links":{"self":[{"href":"https:\/\/rb-abogados.eu\/es\/wp-json\/wp\/v2\/pages\/8798","targetHints":{"allow":["GET"]}}],"collection":[{"href":"https:\/\/rb-abogados.eu\/es\/wp-json\/wp\/v2\/pages"}],"about":[{"href":"https:\/\/rb-abogados.eu\/es\/wp-json\/wp\/v2\/types\/page"}],"author":[{"embeddable":true,"href":"https:\/\/rb-abogados.eu\/es\/wp-json\/wp\/v2\/users\/2"}],"replies":[{"embeddable":true,"href":"https:\/\/rb-abogados.eu\/es\/wp-json\/wp\/v2\/comments?post=8798"}],"version-history":[{"count":5,"href":"https:\/\/rb-abogados.eu\/es\/wp-json\/wp\/v2\/pages\/8798\/revisions"}],"predecessor-version":[{"id":11446,"href":"https:\/\/rb-abogados.eu\/es\/wp-json\/wp\/v2\/pages\/8798\/revisions\/11446"}],"wp:featuredmedia":[{"embeddable":true,"href":"https:\/\/rb-abogados.eu\/es\/wp-json\/wp\/v2\/media\/9128"}],"wp:attachment":[{"href":"https:\/\/rb-abogados.eu\/es\/wp-json\/wp\/v2\/media?parent=8798"}],"curies":[{"name":"wp","href":"https:\/\/api.w.org\/{rel}","templated":true}]}}

<section class="l-section wpb_row us_custom_74c28c06 height_custom with_img parallax_fixed"><div class="l-section-img" role="img" aria-label="Arbeitsplatz Kanzlei" data-img-width="1920" data-img-height="800" style="background-image: url(https://rb-abogados.eu/wp-content/uploads/landscape-_0028_rba-026.jpg);background-repeat: no-repeat;"></div><div class="l-section-overlay" style="background:rgba(0,3,46,0.55)"></div><div class="l-section-h i-cf"><div class="g-cols vc_row via_flex valign_top type_boxes stacking_default"><div class="vc_col-sm-3 wpb_column vc_column_container"><div class="vc_column-inner us_custom_b6a72ce1"><div class="wpb_wrapper"></div></div></div><div class="vc_col-sm-6 wpb_column vc_column_container"><div class="vc_column-inner us_custom_c46d089f"><div class="wpb_wrapper"><h1 class="w-post-elm post_title us_custom_27f484e3 has_text_color entry-title color_link_inherit">El bufete</h1><div class="w-hwrapper us_custom_84be7deb valign_top align_none"></div><nav class="g-breadcrumbs us_custom_c46e0ed5 has_text_color separator_icon align_none" itemscope itemtype="http://schema.org/BreadcrumbList"><div class="g-breadcrumbs-item" itemscope itemprop="itemListElement" itemtype="http://schema.org/ListItem"><a itemprop="item" href="https://rb-abogados.eu/es/"><span itemprop="name">RB-Abogados Karlsruhe</span></a><meta itemprop="position" content="1"/></div><div class="g-breadcrumbs-separator"><i class="far fa-angle-right"></i></div><div class="g-breadcrumbs-item">Páginas</div></nav></div></div></div><div class="vc_col-sm-3 wpb_column vc_column_container"><div class="vc_column-inner us_custom_b6a72ce1"><div class="wpb_wrapper"></div></div></div></div></div></section><section class="l-section wpb_row us_custom_ff584dd0 height_custom"><div class="l-section-h i-cf"><div class="g-cols vc_row via_flex valign_bottom type_boxes stacking_default"><div class="vc_col-sm-6 wpb_column vc_column_container has_bg_color"><div class="vc_column-inner us_custom_1ea4ce76"><div class="wpb_wrapper"><div class="w-image us_custom_769facbc has_height align_left has_bg_color"><div class="w-image-h"><img decoding="async" width="100" height="100" src="https://rb-abogados.eu/wp-content/uploads/maplogo-bildmarke-white.svg" class="attachment-us_100_100_crop size-us_100_100_crop" alt="Lofo Ribas Brutschy Abogados" loading="lazy" /></div></div></div></div></div><div class="vc_col-sm-6 wpb_column vc_column_container"><div class="vc_column-inner us_custom_56164d15"><div class="wpb_wrapper"><div class="g-cols wpb_row via_flex valign_top type_boxes stacking_default"><div class="vc_col-sm-12 wpb_column vc_column_container"><div class="vc_column-inner us_custom_863654e6"><div class="wpb_wrapper"><div class="wpb_text_column us_custom_50cc7d67"><div class="wpb_wrapper"><h2>El despacho</h2>
</div></div><div class="w-hwrapper us_custom_0e289e22 valign_top align_none"></div><div class="wpb_text_column"><div class="wpb_wrapper"><p>Ribas Brutschy Abogados es un bufete especializado en asuntos jurídicos hispano-alemanes, europeos e internacionales, con sedes en Alemania (Baden-Wurtemberg) y España (Islas Baleares). Nuestro equipo de Abogados y <em>Rechtsanwälte</em> hispano-alemanes está altamente cualificado y especializado en el ámbito del Derecho español, el Derecho alemán y los asuntos jurídicos hispano-alemanes, así como en las cuestiones relativas al Derecho europeo.</p>
<p>Entre nuestros clientes figuran tanto personas físicas como clientes mercantiles, emprendedores, sociedades o instituciones de derecho público.</p>
<p>Nuestra filosofía de trabajo siempre se ha basado en un mismo objetivo: ofrecer un servicio personalizado, integral y de calidad.</p>
<p>Gracias a alianzas estratégicas también ofrecemos servicios en el área fiscal, contable y laboral, por lo que podemos proporcionar un asesoramiento integral en las principales áreas del Derecho.</p>
</div></div></div></div></div></div></div></div></div><div class="vc_col-sm-12 wpb_column vc_column_container"><div class="vc_column-inner us_custom_ebd535fd"><div class="wpb_wrapper"><div class="g-cols wpb_row us_custom_9b8477a5 via_flex valign_top type_boxes stacking_default"><div class="vc_col-sm-1/5 wpb_column vc_column_container"><div class="vc_column-inner us_custom_b6a72ce1"><div class="wpb_wrapper"></div></div></div><div class="vc_col-sm-1/5 wpb_column vc_column_container has_bg_color"><div class="vc_column-inner us_custom_1f2a56e4"><div class="wpb_wrapper"><div class="w-btn-wrapper align_center"><a class="w-btn us-btn-style_3 icon_atright" href="https://www.rb-abogados.eu/es/el-bufete/filosofia/"><span class="w-btn-label">Nuestra filosofía</span><i class="far fa-chevron-right"></i></a></div></div></div></div><div class="vc_col-sm-1/5 wpb_column vc_column_container has_bg_color"><div class="vc_column-inner us_custom_1f2a56e4"><div class="wpb_wrapper"><div class="w-btn-wrapper align_center"><a class="w-btn us-btn-style_3 icon_atright" href="https://www.rb-abogados.eu/es/el-bufete/abogados/"><span class="w-btn-label">Somos sus abogados</span><i class="far fa-chevron-right"></i></a></div></div></div></div><div class="vc_col-sm-1/5 wpb_column vc_column_container has_bg_color"><div class="vc_column-inner us_custom_1f2a56e4"><div class="wpb_wrapper"><div class="w-btn-wrapper align_center"><a class="w-btn us-btn-style_3 icon_atright" href="https://www.rb-abogados.eu/es/el-bufete/honorarios/"><span class="w-btn-label">Honorarios</span><i class="far fa-chevron-right"></i></a></div></div></div></div><div class="vc_col-sm-1/5 wpb_column vc_column_container has_bg_color"><div class="vc_column-inner us_custom_1f2a56e4"><div class="wpb_wrapper"><div class="w-btn-wrapper align_center"><a class="w-btn us-btn-style_3 icon_atright" href="https://www.rb-abogados.eu/es/el-bufete/idiomas-de-trabajo/"><span class="w-btn-label">Idiomas de trabajo</span><i class="far fa-chevron-right"></i></a></div></div></div></div></div></div></div></div></div></div></section><section class="l-section wpb_row us_custom_46e4a8ae height_custom"><div class="l-section-h i-cf"><div class="g-cols vc_row via_flex valign_top type_default stacking_default"><div class="vc_col-sm-6 wpb_column vc_column_container"><div class="vc_column-inner us_custom_3c63b4d8"><div class="wpb_wrapper"><div class="g-cols wpb_row via_flex valign_top type_boxes stacking_default"><div class="vc_col-sm-12 wpb_column vc_column_container"><div class="vc_column-inner us_custom_ea95d736"><div class="wpb_wrapper"><div class="wpb_text_column us_custom_2dbf7b3f"><div class="wpb_wrapper"><h2>MODO DE TRABAJO</h2>
</div></div><div class="w-hwrapper us_custom_0c3a69a8 valign_top align_none"></div><div class="wpb_text_column"><div class="wpb_wrapper"><p>Le ofrecemos un modo de trabajo orientado a la consecución de los objetivos, estructurado y sobre todo eficiente. Comprender su caso concreto, así como los objetivos y expectativas relacionados con él, es para nosotros una tarea prioritaria, pues una vez que hayamos obtenido claridad y certeza sobre su propósito podremos proporcionarle un asesoramiento individual y adaptado a sus necesidades.</p>
<p>Durante todo el tiempo que dure el mandato le asesoraremos en castellano.</p>
<p>Nuestro despacho español se ocupará de resolver directamente todos los asuntos jurídicos relacionados con Alemania. De este modo podemos ofrecer a nuestros clientes la garantía de un servicio personalizado, integral y de calidad.</p>
<p>El objetivo prioritario de nuestro despacho es evitar los litigios ante los tribunales y resolver los conflictos ya existentes mediante acuerdos extrajudiciales. Nuestros esfuerzos se centran siempre en conseguir primeramente un acuerdo o un arbitraje.</p>
<p>Gracias a la estrategia de la mediación por parte de nuestros abogados hemos obtenido ya numerosos éxitos en la resolución extrajudicial de litigios.</p>
</div></div></div></div></div></div></div></div></div><div class="vc_col-sm-6 wpb_column vc_column_container has_bg_color stretched"><div class="vc_column-inner us_custom_ab1e3c64"><div class="wpb_wrapper"></div></div></div></div></div></section>

El bufeteRB-Abogados KarlsruhePáginasEl despacho Ribas Brutschy Abogados es un bufete especializado en asuntos jurídicos hispano-alemanes, europeos e internacionales, con sedes en Alemania (Baden-Wurtemberg) y España (Islas Baleares). Nuestro equipo de Abogados y Rechtsanwälte hispano-alemanes está altamente cualificado y especializado en el ámbito del Derecho español, el Derecho alemán y los asuntos jurídicos hispano-alemanes, así como en las...
